-148)/(-28) - (-4)/v?
5
Suppose 37*m - 42*m = -180. What is the tens digit of m?
3
Let u(q) = -q - 11. Let d be u(-10). Let p = 2 - d. What is the units digit of p?
3
Let d = 157 + -111. What is the tens digit of d?
4
Suppose g + 50 = 128. What is the tens digit of g?
7
Suppose 2*u + 4*r + 12 = 0, -2*u + 3*u + 3*r = -10. Suppose -3*m + 3*f + 106 - 34 = 0, u*f = m - 28. Suppose 4*k - 52 = -m. What is the units digit of k?
8
Suppose 0 = -0*s + 2*s - 114. What is the tens digit of s?
5
Suppose -4*v + 18 - 6 = 0. Suppose -3*g + 6 = v*a, 3*g + 2*g = 4*a - 17. What is the tens digit of 4/a*15/2?
1
Suppose 2*g - 132 = 16. What is the units digit of g?
4
Let l(m) = m**3 + 6*m**2 + 4*m - 4. Let y be l(-5). What is the units digit of (-4)/2 - y*-14?
2
Let x = 2 - 3. Let w be 194/8 + x/4. Suppose 3*y - w = -6. What is the units digit of y?
6
Let o be 17 - 4*3/4. Let j = o - -2. What is the units digit of j?
6
Let c = -7 + 7. Suppose n + 3*g + 3 = 8, 5*n - g - 9 = c. What is the units digit of n?
2
Suppose -2*i - 5*r + 418 = 0, -16 = -5*r + r. What is the units digit of i?
9
Suppose -8*c = -12*c + 12. Suppose -c*z + 4*b + 120 = 3*b, 3*z + b = 126. What is the units digit of z?
1
Let t(v) = -v + 144. What is the units digit of t(0)?
4
Suppose -d + 2*d = 8. Let t = -5 + d. Suppose 0 = -3*g - o + 2, g + 4 - t = -2*o. What is the units digit of g?
1
Let v(a) = -6*a - 17. What is the tens digit of v(-15)?
7
Suppose y - 5*y = 0. Suppose 4*a - 14 = -3*i, -a = -y*i - 2*i + 2. Suppose -i = -3*u - 4*d - 1, -u - d + 2 = 0. What is the units digit of u?
7
Let r = -13 + 17. Let p = 2 + -2. Suppose p = h + 2 - r. What is the units digit of h?
2
Let d(l) be the third derivative of -l**6/120 - 3*l**5/20 - l**4/24 + l**3/2 + l**2. What is the tens digit of d(-9)?
1
What is the units digit of 284 - (5 - 4 - 3)?
6
Let v be (-2)/(1*(-2 + 1)). Suppose 4*o - 4*k = 20, 4*o - 10 = -v*k - 2. Suppose -2*x + 5*d - 59 = -6*x, -o*x + 2*d + 27 = 0. What is the units digit of x?
1
Let c be 52*3 + 9/3. Suppose 5*f - c + 29 = 0. What is the units digit of f?
6
What is the tens digit of 0/4 + (1 - 3) + 96?
9
Suppose c + c + 4 = 0. Let j be (-74)/(-12) - c/(-12). Let x = j + -5. What is the units digit of x?
1
Let t = 168 - 6. What is the hundreds digit of t?
1
Let g be (3 - 2) + 6/(-2). Let v be g/4*(0 + 2). What is the units digit of (-22)/(-8)*(-4)/v?
1
Let p be 40/6 + (-5)/(-15). Let c(v) = -v**3 + 10*v**2 - 6*v + 6. Let j be c(p). Suppose 46 - j = -5*h. What is the tens digit of h?
1
Let p = 10 - 0. What is the units digit of p?
0
Suppose -2*p = -4 - 0. What is the units digit of p?
2
Let n = -17 + -2. Let l = -9 - n. Suppose -o + 2*d = -2 - l, 5*o - 5*d - 35 = 0. What is the units digit of o?
2
Suppose -18 = 5*u - 3*d, -3*u = -7*u - d - 11. Let b be (-1)/((4/2)/2). What is the units digit of (-7)/(-3) - b/u?
2
Let z = 11 + -20. Let n(o) = -o**3 - 10*o**2 - 10*o - 2. What is the units digit of n(z)?
7
Let z be (4/(-12))/(1/(-9)). What is the units digit of 7 - (-3 - (z - 3))?
0
Let j = 0 - 0. Suppose -z + 2 = -j*z, 4*z - 20 = -m. What is the units digit of m?
2
Let x = 9 - 7. Suppose 5*k = x + 43. What is the units digit of k?
9
Let q = -287 - -403. What is the tens digit of q?
1
Let y(v) = -13*v - 3. Let j be y(-2). Let w = j - 11. What is the tens digit of w?
1
Suppose -5*v = 4*j - 285, -4*j + 447 = 2*v + 153. What is the tens digit of j?
7
Let o(w) = -w + 12. Let v be o(8). Suppose 14 = t + u - 3*u, -2*u = -v*t + 68. What is the units digit of t?
8
Let b(x) = 6*x + 2 - 8 - 6 + 1. What is the units digit of b(7)?
1
Let i be (-2)/7 - (-36)/28. Let n(y) = 15*y**2 + 1. What is the tens digit of n(i)?
1
Let q(u) = -u + 10. Let t(m) = -m. Let c(k) = q(k) - 2*t(k). What is the units digit of c(-9)?
1
Suppose 0 = 2*b + 5*h - 303, -2*b + 6*b - 595 = h. What is the hundreds digit of b?
1
Suppose -2*y + 70 = -x - 94, 0 = -3*y - x + 241. What is the units digit of y?
1
Let f = -168 - -240. What is the tens digit of f?
7
Let i(a) = 2*a - 12. Let w be i(8). Suppose 32 = w*r - 4. What is the units digit of r?
9
Let j(l) = -4*l - 43. What is the units digit of j(-14)?
3
Suppose 5*s - 4*y = -14, -y + 6 - 28 = 3*s. Let x be (-5)/15 - 14/s. Suppose 0 = x*t + 2*t - 76. What is the tens digit of t?
1
Suppose -7*w + 769 = -183. What is the tens digit of w?
3
Let i be 1/((-2)/20*-2). Suppose -2*p - 3*p + d = 20, 5*p + 40 = i*d. What is the units digit of (p - -1) + (7 - -2)?
7
What is the units digit of (-8 - -5)/((-3)/68)?
8
Suppose -6*u + 3*u + 66 = 0. What is the tens digit of u?
2
Suppose 0 = 6*j + 13 - 151. What is the tens digit of j?
2
Suppose 0 = -4*p + 5*h - 21, -5*h - 10 + 34 = -p. What is the units digit of ((-20)/(-4) + -2)*p?
3
Let q = -1 + 3. Suppose 2*z + 1 + 1 = 3*k, 2*z - q = 2*k. What is the units digit of k?
4
What is the units digit of (2 - 3)/(1 + 0) - -42?
1
Suppose 0 = -4*p - 3*w + 128, -5*p + 0*w = -4*w - 160. What is the units digit of p?
2
Suppose 8*c + 2*c = 1040. What is the tens digit of c?
0
Let d(z) = 4*z**3 - 2*z**2 + 3*z - 5. What is the units digit of d(3)?
4
Let q = -4 + 6. Let j = -5 - -12. Suppose q*a + 25 = j*a. What is the units digit of a?
5
Suppose 0*a + 2*m + 22 = 3*a, 3*a + 2*m - 2 = 0. Suppose a*y - 5*d - 34 = 0, 0 = y - 4*y + 2*d + 29. What is the units digit of y?
1
Suppose -v - 4*v = x - 28, 2*v = -2*x + 24. What is the units digit of x?
8
Let w(c) = -16*c. Suppose -2*g + 7 = -g + 3*r, 0 = -2*g - 5*r + 11. Let o be (g/(-6))/((-2)/6). What is the units digit of w(o)?
6
Let x(w) = 2*w**2 + 8*w - 2. Let p be x(-6). What is the units digit of p/2 + 1 + 2?
4
Let a(u) = -11*u + 1. What is the units digit of a(-1)?
2
Let k(w) = w**3 - 12*w**2 + 2*w + 3. Let f(g) = -g**3 + 11*g**2 - 2*g - 3. Let z(c) = 5*f(c) + 4*k(c). What is the tens digit of z(6)?
2
Suppose -15*z + 903 = -8*z. What is the hundreds digit of z?
1
Let u = 1 + -11. Let m = u - -22. What is the units digit of m?
2
Let y be ((-72)/(-10))/(6/45). Suppose 5*f + 4 = y. What is the units digit of f?
0
Let q(k) = k**3 - 8*k**2 - 7*k + 14. What is the tens digit of q(10)?
4
Let o(l) = -6*l + 1. Let m be o(-3). Let n = m + -9. What is the units digit of n - 5 - 1*-1?
6
Let x = 40 + -14. Suppose 5*h - 4*h = x. What is the units digit of h?
6
Let j = 11 - -79. What is the units digit of j?
0
What is the tens digit of (-2)/(((-21)/558)/(-7)*-4)?
9
Let z be 0/(0 + 1 - 3). Suppose 2*v + 3*o = 26, z*o + 22 = 3*v - 4*o. What is the units digit of v?
0
Suppose -2*d + 3*u = -63, 4*d + 57 - 213 = -4*u. What is the tens digit of d?
3
Let t(s) = s**3 + 8*s**2 + 8*s + 6. Let k be t(-7). Let i be k/(-4) - 57/(-12). Suppose -i*m = 5, 5*d - 2*m = -0*d + 32. What is the units digit of d?
6
Let o(k) = -k**2 - 6*k - 12. Let p be o(-5). What is the tens digit of p/7 + 1 + 23?
2
Suppose 2*a + 5 = 25. Suppose 0 - a = -m. What is the units digit of m?
0
Suppose -g - 2*i - 10 = -0, 5*i = -15. What is the tens digit of ((-30)/25)/(g/50)?
1
Suppose 147 = 5*u - 228. Suppose -u = 5*o - 25. Let a = o + 16. What is the units digit of a?
6
Let h(c) = 2*c**2 + c. What is the units digit of h(-1)?
1
Suppose 7*w - 221 + 53 = 0. What is the tens digit of w?
2
Let i = -13 - -20. What is the units digit of i?
7
Suppose -4*i - 4*s + s = 17, -5*i = 5*s + 15. What is the tens digit of 462/24 + 2/i?
1
Let h be (3/(-2))/(6/(-16)). Suppose -3 - 17 = h*x. Let t = 17 + x. What is the units digit of t?
2
Suppose j + 3*j - g - 65 = 0, 5*g = 15. Suppose 4*n + j = 2*a - 3, 2*n - 70 = -3*a. Suppose 5*c = -0*c + a. What is the units digit of c?
4
Let c(x) = x**2 + x - 1. What is the units digit of c(-3)?
5
Let k(c) = -c + 1. Let f be k(-3). Suppose 3*j - z + 4 = 12, f*j + 16 = -4*z. What is the units digit of j?
1
Suppose 0 - 4 = -h. Suppose h*k + 0*k - 10 = 3*w, 5*k - 5*w = 15. What is the units digit of k?
1
Suppose -x + 189 = s, -x = s - 3*s + 372. What is the hundreds digit of s?
1
Let n(l) = 5*l - 2. Let j be n(2). Let u(o) = -o**2 + 10*o + 4. What is the units digit of u(j)?
0
Let g = 2 - 3. Let z(p) = -p**3 + 2*p + 1. Let w be z(g). Suppose -j - 3 = -4*c, -j + 7 = -w*c + c. What is the units digit of c?
2
Suppose 2*k - 6*k = -8. Suppose k*a = a. Suppose -2*l + 0*l = -4*g - 40, -2*l + 2*g + 38 = a. What is the units digit of l?
8
What is the tens d